-18. What is the remainder when j*-1*2*-3 is divided by q?
9
Let g(q) = 13*q - 22. Let i(b) = b**3 + 3*b**2 + 3*b + 4. Let h be i(-6). Let x = 146 + h. What is the remainder when g(7) is divided by x?
21
Suppose 3*x + b = -263, x - 4*b + 104 = 12. Let d = x - -96. What is the remainder when 70 is divided by d?
6
Suppose -4 = -4*o, 3*o + 12 - 54 = -3*s. Let p = 631 - 139. Calculate the remainder when p is divided by s.
11
Suppose 4*r + 148 = 2*x, 25*x - 1292 = 7*x - 4*r. Calculate the remainder when 132 is divided by x.
60
What is the remainder when (-8)/(-48)*-3 - (-1 + 35850/(-20)) is divided by 257?
251
Let i be 2/8*(-9 + 29). Suppose -i*p + 32 = 12, 152 = 2*y - p. What is the remainder when y is divided by 20?
18
What is the remainder when 43122/44 + 112/(-2464) is divided by 33?
23
Let s(j) = 7*j**2 + 55*j + 55. What is the remainder when 577 is divided by s(0)?
27
Suppose -189*g + 44304 = 95*g. What is the remainder when g is divided by 105?
51
Suppose -15*d = -17*d + 2*b + 92, 3*b = -5*d + 278. Calculate the remainder when 152 is divided by d.
48
Suppose -47*w + 18424 = 9*w. Calculate the remainder when 87 is divided by w/188*3*4.
3
Let i = -3089 - -5150. Calculate the remainder when i is divided by 19.
9
Let j = 1947 - 1841. Calculate the remainder when j is divided by 55.
51
Suppose -5*u + 141 = -4*w, -8*u - 147 = -13*u - 2*w. What is the remainder when 344 is divided by u?
25
Suppose 14 = 2*n + 12. Let w(i) = -i**3 + 10*i**2 + 13*i - 19. Let q be w(11). What is the remainder when 5 is divided by (q - 0) + n + (1 - 2)?
2
Suppose -3875 = 70*w - 4554 - 6041. What is the remainder when 384 is divided by w?
0
Suppose 5*w - 10 = 0, -5*j - 4 = -4*w - 11. Suppose j*i - 222 = -4*t, 4*t - 2*i - i - 210 = 0. Calculate the remainder when t is divided by 29.
25
Let w(b) = 470*b**3 - 10*b**2 - 22*b + 35. What is the remainder when w(2) is divided by 79?
77
Let i = -73 - -77. Suppose -4*p - i*p + 32 = 0. Suppose 4*k - 106 = 2*b, -3*k - 2*k + p*b = -131. What is the remainder when k is divided by 11?
5
Suppose 0 = -5*i + 2*n + 677, 0 = -i - 4*i + 3*n + 683. Calculate the remainder when i is divided by 31.
9
Let m(v) = -131*v + 3289. What is the remainder when (-71)/(-3) - (-6)/(-9) is divided by m(25)?
9
Let z = 92 + -54. What is the remainder when (154/7)/((18/33)/3*1) is divided by z?
7
Let n(t) = t**3 + 15*t**2 + 35*t + 123. Calculate the remainder when n(-12) is divided by 49.
37
Suppose 0 = -2*s - 8, 11 = -5*b - 4*s + 5. Suppose 3*v - b*w = -0*v + 136, -w = v - 42. What is the remainder when 481 is divided by v?
41
Let k(f) = -f**3 + f + 27. Let x(z) = -20 + 2 - 74*z**3 - 7*z**2 + 9*z + 75*z**3. Let y be x(6). Calculate the remainder when k(y) is divided by 5.
2
Let l = -15 + 125. Suppose -16*f = 5*k - 11*f - 160, 4*k = -5*f + 132. Calculate the remainder when l is divided by k.
26
Suppose -48 = -3*r - m + 58, 254 = 7*r - m. What is the remainder when 799 is divided by r?
7
What is the remainder when 595 is divided by ((-200)/(-140))/5 + (-96)/(-7)?
7
Let s = 471 + -471. What is the remainder when s + -5 + 11 + 31 is divided by (-34)/(-9) + (-2)/(-9)?
1
Suppose -15209 = -6*y + 42199. What is the remainder when y is divided by 110?
108
Let z be ((-14)/4)/((-28)/112). What is the remainder when 21 is divided by (-5 - -8)/(6/z)?
0
Suppose 38 = 11*n - 6. What is the remainder when 75 is divided by n*3 + (6 - 11)?
5
Suppose -2*c = -3 - 11. Let q(o) = -9*o + 89. What is the remainder when q(c) is divided by 16?
10
Let f = -7619 + 7680. Calculate the remainder when 187 is divided by f.
4
Suppose -u + 477 = 4*n - 131, 2*u - n - 1216 = 0. Let t = 614 - u. Calculate the remainder when 39 is divided by t.
3
Let y be 2*(-34)/4*(14 + -13). Calculate the remainder when 9 is divided by (-3 + y)*(-1 + (-9)/(-15)).
1
Let u(l) = 3*l + 1. Let t(b) = -4*b - 1. Let y(r) = 6*t(r) + 7*u(r). Let d be y(-2). What is the remainder when 79 is divided by 21/5*(d + -2)*1?
16
Suppose -h - 3*v = -20, -4*h - 209*v = -207*v - 30. Calculate the remainder when 1667 is divided by h.
2
Let i(t) be the third derivative of -t**4/6 + 47*t**3/6 - 28*t**2. Let q be i(11). What is the remainder when 5 is divided by (-1)/2 + (-7)/((-14)/q)?
0
Let b = -84 + 100. Let m = b + 23. Let t = 52 - m. Calculate the remainder when 89 is divided by t.
11
Let i = -241 + 671. Let f = i + -392. What is the remainder when 338 is divided by f?
34
Let g(q) = q**3 + 16*q**2 + 3*q + 40. Let v be g(-16). Let t(c) = -c**2 - 14*c + 14. What is the remainder when t(v) is divided by 19?
5
Let g(z) = z**3 - 12*z**2 - 750*z - 43. Suppose p - 5 = -3. What is the remainder when p is divided by g(-22)?
0
Let x be (316/(-2))/(92/20 + -5). Let g = 583 - x. What is the remainder when g is divided by 7?
6
Let x be (-1)/((5/(-100))/(3/(-4))). Let l be 28/(-5)*-1*-10. Let b = x - l. Calculate the remainder when 120 is divided by b.
38
Suppose 260 = 7*x - 6*x - 5*l, -1231 = -5*x + 2*l. Suppose -5*i - 2*o - 3*o = -355, -3*i = -5*o - x. Calculate the remainder when i is divided by 39.
36
Let x(f) = 4*f**2 + 5*f + 28. Let r be x(9). Let q = r - 267. What is the remainder when q is divided by 44?
42
What is the remainder when 1230 is divided by (-4 + 14/(70/25))/((-3)/(-24))?
6
Let l(r) = -4*r**3 - 3*r**2 + 9*r - 8. Let v be l(-5). Suppose 55*m = 52*m + v. What is the remainder when m is divided by 42?
40
Let c(d) = 540*d - 715. What is the remainder when c(5) is divided by 658?
11
Let l(u) = -2 + 3*u**2 - 213*u - 17 - u**3 + 184*u + 9*u**2 + 2. Calculate the remainder when 166 is divided by l(8).
5
Let z(a) = a**2 - 16*a + 55. Let q be z(11). Suppose 11*m - 14*m + 825 = q. What is the remainder when m is divided by 23?
22
Suppose -w + 3*h = -83, 3*w - 2*h + h - 217 = 0. Suppose -3*c + w = 26. Calculate the remainder when (2/4)/((-1)/(-54)) is divided by c.
12
Let l(k) = k**3 + 3*k**2 + k + 6. Let f be l(-6). Let d = f + -11. What is the remainder when (-11200)/d - 2/17 is divided by 24?
22
Let y = 43843 + -41326. Calculate the remainder when y is divided by 53.
26
Let r(o) = 23*o**2 - 53*o - 209. Calculate the remainder when 8426 is divided by r(6).
299
Suppose 0*l + 5*l = -20, -5*c + 8*l + 3162 = 0. Calculate the remainder when c is divided by 14.
10
Let g = -7037 - -7098. What is the remainder when 385 is divided by g?
19
Suppose -4953 + 38773 + 15632 = 52*c. What is the remainder when c is divided by 188?
11
Let j(n) = 6*n**2 + 11*n + 10. Calculate the remainder when 241 is divided by j(-1).
1
Let y be 3/7 + (-468)/63 + 5. What is the remainder when 44 is divided by -54 + 56 + 22 + y/(-1)?
18
Suppose 205 = 5*d - 5*h, 29*d - 27*d = -2*h + 70. Let c = d + 37. What is the remainder when c is divided by 19?
18
Let f(l) = 5*l + 24. Let o be f(-6). What is the remainder when 134 is divided by 5 - (-32)/o - 820/(-12)?
66
Suppose -1656 = 36*t - 4971 - 7665. What is the remainder when 922 is divided by t?
7
Suppose -3*u = 13 - 1, 3*q - 24 = -3*u. Let j be (-1568)/q + (-6)/(-9). Let h = -106 - j. What is the remainder when h is divided by 9?
6
Let u(x) = -x**2 + 2*x + 7. Let r be u(-5). Let l = r - -58. Let t = 56 - 48. Calculate the remainder when l is divided by t.
6
Suppose 1794*h = 1805*h - 55. Suppose -h*b + 26*z = 25*z - 342, -5*z + 360 = 5*b. What is the remainder when b is divided by 68?
1
Let v be ((-3 + 3)/1)/(-1). Suppose -14*i + 18*i - 140 = v. Suppose -6 = 4*y + 4*g - 34, 10 = -2*g. Calculate the remainder when i is divided by y.
11
Calculate the remainder when 261/(-4 + (-62)/(-16) - 3/(-6)) is divided by 14.
10
Let l(d) = 2*d - 6. Let w be (-14)/(-3) - ((-6)/(-9) + 0). Let n be l(w). Calculate the remainder when ((-8)/(-12))/(n/(-6)) + 6 is divided by 2.
0
Suppose 10*o - 560 + 1760 = 0. Let p = o + 127. Calculate the remainder when p is divided by ((-1)/1)/(4*(-4)/80).
2
Let b(c) = c**2 - 4*c - 4. Let f = -40 - -6. Let m = f - -101. Calculate the remainder when m is divided by b(-3).
16
Let j be (-4)/(24/54)*-3. Suppose -4*q - 4*o + 120 = 0, 5*q - j - 96 = 4*o. Calculate the remainder when 78 is divided by q.
24
Suppose 268*a + 2093 = 359*a. What is the remainder when 963 is divided by a?
20
Let q = 9835 - 9814. Let t = 31 + -19. What is the remainder when q is divided by t?
9
Let p = 1358 + 590. What is the remai